e number?
False
Is 35327099371 prime?
True
Is 1485452377 prime?
False
Is 18096644101 a composite number?
False
Is 2052920267 composite?
True
Is 1160392697 a prime number?
True
Is 180124381 a prime number?
True
Is 504448849 a prime number?
True
Is 3768503459 a composite number?
True
Is 1300221673 a composite number?
True
Is 28399884521 composite?
False
Is 14975173 a composite number?
True
Is 583470899 composite?
True
Is 3201867583 a prime number?
False
Is 17311157351 prime?
True
Is 29735298691 prime?
False
Is 231953503 a prime number?
True
Is 861008513 a prime number?
False
Is 10049113478 a composite number?
True
Is 155940495033 composite?
True
Is 6770115707 a composite number?
False
Is 64479523 composite?
False
Is 4873935923 a composite number?
True
Is 3979007017 prime?
True
Is 40413561601 a composite number?
True
Is 40264973809 composite?
False
Is 4666114001 a prime number?
True
Is 7697670553 a composite number?
False
Is 365542571 a prime number?
False
Is 6006911459 composite?
False
Is 814769911 prime?
True
Is 15733685273 composite?
False
Is 1844469967 prime?
True
Is 64547411737 a prime number?
True
Is 55372989493 composite?
False
Is 556800953 prime?
True
Is 75371971 composite?
False
Is 33837214903 a prime number?
False
Is 25455365927 composite?
True
Is 135989099573 a prime number?
True
Is 203596097 a prime number?
False
Is 10271683939 a composite number?
True
Is 366709229 prime?
True
Is 45270362167 composite?
False
Is 19452837839 a composite number?
False
Is 1667117561 a composite number?
False
Is 1360666271 composite?
True
Is 1560893897 a composite number?
False
Is 2211827879 prime?
True
Is 2948588843 prime?
True
Is 114178213 a composite number?
True
Is 80748225445 a composite number?
True
Is 354361739 prime?
True
Is 4936270951 prime?
True
Is 16640996781 a composite number?
True
Is 22946080009 prime?
True
Is 557709857 composite?
False
Is 14765113021 prime?
False
Is 3423337441 a prime number?
False
Is 20933755751 a prime number?
True
Is 12854380933 composite?
False
Is 13122175531 a prime number?
False
Is 6247924819 prime?
True
Is 1380512603 a prime number?
True
Is 481720333 prime?
False
Is 992759701 composite?
True
Is 5008493629 prime?
False
Is 158933147 prime?
True
Is 4749859 prime?
False
Is 10641836321 a prime number?
True
Is 25109847311 prime?
True
Is 1900904879 a composite number?
True
Is 1261567369 a composite number?
True
Is 4038961882 composite?
True
Is 7933092581 prime?
False
Is 3746903261 composite?
True
Is 10233118199 a prime number?
False
Is 961903517 a composite number?
True
Is 504031127 prime?
True
Is 8027169779 prime?
True
Is 6351329531 a composite number?
False
Is 1756022153 a prime number?
True
Is 38666781586 composite?
True
Is 5593656179 prime?
True
Is 6899150131 prime?
True
Is 2666918359 a prime number?
False
Is 19669875662 prime?
False
Is 43987925303 composite?
True
Is 50514690319 composite?
True
Is 308943637 a prime number?
False
Is 562214819 a composite number?
False
Is 182036235247 a composite number?
True
Is 70117270823 prime?
False
Is 600162533 prime?
False
Is 382919233 a prime number?
True
Is 25516941551 a prime number?
True
Is 22977275927 a prime number?
True
Is 5350832027 a composite number?
False
Is 18106563913 a composite number?
True
Is 7835909527 composite?
True
Is 1720503403 a prime number?
False
Is 244941913 a composite number?
True
Is 12550186153 prime?
False
Is 13002319333 composite?
False
Is 410073101 a composite number?
True
Is 342565607 composite?
False
Is 6513153631 composite?
False
Is 6482901497 a composite number?
False
Is 45995839117 composite?
True
Is 1815220451 a composite number?
True
Is 1774039999 a composite number?
True
Is 20059608797 prime?
False
Is 24649421803 a composite number?
False
Is 37409170597 a composite number?
True
Is 38106304307 a composite number?
False
Is 4473053161 a composite number?
False
Is 8996362981 prime?
True
Is 5638560347 a prime number?
False
Is 1844193909 a composite number?
True
Is 3729620743 prime?
False
Is 9364443547 a prime number?
True
Is 46227768869 a composite number?
False
Is 1344559157 a composite number?
False
Is 15244210741 a prime number?
True
Is 3194354561 a prime number?
True
Is 25971643463 prime?
True
Is 1309544297 a prime number?
True
Is 68454193 composite?
True
Is 414213011 composite?
False
Is 129180909019 a prime number?
True
Is 96186143 composite?
False
Is 25169475571 a prime number?
False
Is 760816081 a composite number?
False
Is 4860910741 prime?
False
Is 561751301 composite?
True
Is 823115749 a composite number?
True
Is 428904491 prime?
True
Is 64613115989 composite?
False
Is 29508781277 a composite number?
True
Is 22782115 a prime number?
False
Is 2037008461 composite?
False
Is 72978091 composite?
True
Is 64374722383 prime?
True
Is 1300986347 a composite number?
True
Is 4216403111 a prime number?
True
Is 2848015919 composite?
True
Is 577962393 a prime number?
False
Is 11541178177 a prime number?
False
Is 5993354747 prime?
True
Is 5721356391 composite?
True
Is 7747710337 composite?
True
Is 341898423 prime?
False
Is 1759417447 a prime number?
True
Is 11894872963 composite?
False
Is 395293363 prime?
True
Is 485156477 a prime number?
False
Is 98628061387 composite?
True
Is 1185514073 a composite number?
True
Is 3667359317 a prime number?
True
Is 16740035033 prime?
False
Is 3308674667 a prime number?
True
Is 236217890603 composite?
True
Is 15789476309 a composite number?
False
Is 28690647317 a composite number?
False
Is 186616103 prime?
True
Is 154185497 prime?
True
Is 3510246911 a composite number?
True
Is 703628047 composite?
False
Is 826566607 a composite number?
True
Is 11123309921 prime?
True
Is 2156141593 a prime number?
True
Is 147959005 a prime number?
False
Is 121816063 a prime number?
True
Is 281149637 a composite number?
False
Is 678895267 composite?
False
Is 24568694611 a prime number?
False
Is 133496387 a composite number?
False
Is 688854493 a prime number?
False
Is 5038081855 composite?
True
Is 6605294609 prime?
True
Is 4588912247 composite?
True
Is 28683541 composite?
False
Is 18861206561 a composite number?
False
Is 11975396093 prime?
True
Is 12117822133 a composite number?
True
Is 174395335 a composite number?
True
Is 6256870181 a prime number?
True
Is 2371361095 a composite number?
True
Is 14397957143 composite?
True
Is 79799444843 composite?
True
Is 3419879389 prime?
True
Is 5735926519 composite?
False
Is 2322541973 a prime number?
True
Is 2224428511 prime?
True
Is 2769650437 prime?
True
Is 5210627186 prime?
False
Is 274633069 composite?
False
Is 253047191 composite?
True
Is 14530332899 composite?
False
Is 2803354907 composite?
False
Is 85243223827 a composite number?
True
Is 1751316537 a composite number?
True
Is 4375486249 a prime number?
True
Is 327916739 prime?
True
Is 1811497943 prime?
False
Is 304882079 prime?
False
Is 26998836811 a composite number?
False
Is 1449310039 prime?
False
Is 22434420247 a composite number?
True
Is 13090727191 composite?
False
Is 6895722233 composite?
True
Is 15004311578 a prime number?
False
Is 69452326 a composite number?
True
Is 2808575069 a composite number?
False
Is 3491064137 prime?
False
Is 1075603759 composite?
False
Is 21627501451 a composite number?
False
Is 5021576009 a prime number?
True
Is 96821453 a composite number?
True
Is 17573649337 prime?
True
Is 359240821 composite?
True
Is 14829753187 prime?
False
Is 2301640609 composite?
False
Is 12900366014 a prime number?
False
Is 5967565115 composite?
True
Is 11826611509 a prime number?
True
Is 46610777989 composite?
False
Is 718165166 prime?
False
Is 169603195709 composite?
False
Is 2755866121 composite?
False
Is 10383696737 a composite number?
False
Is 32778833141 prime?
True
Is 438848609 prime?
True
Is 100621704233 a composite number?
True
Is 2671553813 composite?
True
Is 1358834263 a composite number?
False
Is 42072280169 composite?
False
Is 11300243803 composite?
True
Is 1260155861 a prime number?
False
Is 5916842083 a prime number?
False
Is 212849237 a composite number?
True
Is 29442226589 a composite number?
False
Is 1723807697 a prime number?
True
Is 12873315089 composite?
True
Is 609659269 composite?
False
Is 361210483 a prime number?
True
Is 7974713899 a composite number?
False
Is 14492092957 a prime number?
True
Is 3040002923 